digit of 380233291?
0
What is the hundred thousands digit of 3654864706?
8
What is the millions digit of 220150556?
0
What is the units digit of 3864721174?
4
What is the hundred millions digit of 255362884?
2
What is the millions digit of 327884505?
7
What is the tens digit of 27307433?
3
What is the tens digit of 2417212?
1
What is the millions digit of 2694047347?
4
What is the hundred millions digit of 1066506440?
0
What is the hundred millions digit of 946735218?
9
What is the thousands digit of 817345093?
5
What is the tens digit of 151941447?
4
What is the ten thousands digit of 59141057?
4
What is the hundred thousands digit of 533925949?
9
What is the hundred thousands digit of 90044290?
0
What is the hundred millions digit of 1030265658?
0
What is the tens digit of 602809364?
6
What is the hundreds digit of 118310922?
9
What is the tens digit of 404639102?
0
What is the millions digit of 40601493?
0
What is the millions digit of 107015333?
7
What is the ten millions digit of 100427897?
0
What is the billions digit of 6359143862?
6
What is the hundreds digit of 127242958?
9
What is the billions digit of 1245664335?
1
What is the millions digit of 89380158?
9
What is the millions digit of 3235644812?
5
What is the millions digit of 302907958?
2
What is the millions digit of 143935828?
3
What is the hundred thousands digit of 411825745?
8
What is the hundreds digit of 256611160?
1
What is the thousands digit of 354890950?
0
What is the hundreds digit of 394365326?
3
What is the tens digit of 70828820?
2
What is the thousands digit of 1512523909?
3
What is the ten thousands digit of 4282083970?
8
What is the ten millions digit of 384620217?
8
What is the millions digit of 188904286?
8
What is the thousands digit of 382015778?
5
What is the ten thousands digit of 47932068?
3
What is the hundreds digit of 24592784?
7
What is the thousands digit of 7225371?
5
What is the millions digit of 268701784?
8
What is the ten thousands digit of 376429744?
2
What is the ten millions digit of 21357048?
2
What is the billions digit of 1007824124?
1
What is the ten thousands digit of 9191949?
9
What is the thousands digit of 3460754552?
4
What is the hundred thousands digit of 479584490?
5
What is the hundred millions digit of 521515626?
5
What is the thousands digit of 105160196?
0
What is the tens digit of 82566168?
6
What is the ten thousands digit of 858658814?
5
What is the ten thousands digit of 3565698728?
9
What is the ten millions digit of 247567875?
4
What is the tens digit of 105093374?
7
What is the ten thousands digit of 92785034?
8
What is the tens digit of 1783377263?
6
What is the tens digit of 1415552261?
6
What is the hundred thousands digit of 228893087?
8
What is the millions digit of 94380341?
4
What is the thousands digit of 43231750?
1
What is the ten millions digit of 137419531?
3
What is the hundred millions digit of 821961784?
8
What is the thousands digit of 27340031?
0
What is the units digit of 2582522804?
4
What is the billions digit of 3395350580?
3
What is the millions digit of 1221744497?
1
What is the hundred millions digit of 2572900500?
5
What is the ten thousands digit of 541323693?
2
What is the ten thousands digit of 268263811?
6
What is the units digit of 243831753?
3
What is the tens digit of 124685498?
9
What is the thousands digit of 381816621?
6
What is the ten thousands digit of 430686398?
8
What is the thousands digit of 101442303?
2
What is the thousands digit of 261933592?
3
What is the millions digit of 1971968754?
1
What is the millions digit of 22779110?
2
What is the units digit of 5080008968?
8
What is the hundred thousands digit of 1748732667?
7
What is the tens digit of 1454763608?
0
What is the millions digit of 38485236?
8
What is the ten thousands digit of 39550056?
5
What is the tens digit of 13385442?
4
What is the hundreds digit of 51061730?
7
What is the thousands digit of 26006646?
6
What is the ten thousands digit of 62941527?
4
What is the thousands digit of 135565664?
5
What is the ten thousands digit of 790443793?
4
What is the millions digit of 132283602?
2
What is the hundred millions digit of 3098407349?
0
What is the millions digit of 7726991098?
6
What is the thousands digit of 72985155?
5
What is the ten thousands digit of 856214793?
1
What is the ten thousands digit of 1859772273?
7
What is the hundreds digit of 4411112796?
7
What is the units digit of 1421593046?
6
What is the billions digit of 1915510858?
1
What is the ten millions digit of 2600625668?
0
What is the hundreds digit of 43745169?
1
What is the hundreds digit of 4176529?
5
What is the millions digit of 990618488?
0
What is the units digit of 117685649?
9
What is the ten thousands digit of 902754795?
5
What is the hundred thousands digit of 1365510039?
5
What is the hundred millions digit of 319702535?
3
What is the thousands digit of 4493622?
3
What is the millions digit of 1792726829?
2
What is the tens digit of 63459257?
5
What is the units digit of 29442329?
9
What is the ten millions digit of 142199933?
4
What is the hundred thousands digit of 49233631?
2
What is the ten millions digit of 68481440?
6
What is the ten thousands digit of 109195?
0
What is the ten thousands digit of 443931953?
3
What is the hundred thousands digit of 4009976?
0
What is the ten millions digit of 1338155521?
3
What is the hundred thousands digit of 37417043?
4
What is the ten thousands digit of 2865483609?
8
What is the units digit of 1633319401?
1
What is the thousands digit of 7073541?
3
What is the ten millions digit of 181594874?
8
What is the thousands digit of 231951914?
1
What is the hundred thousands digit of 750543705?
5
What is the ten thousands digit of 94957211?
5
What is the ten millions digit of 141596835?
4
What is the thousands digit of 46777043?
7
What is the ten thousands digit of 296645693?
4
What is the thousands digit of 716575802?
5
What is the tens digit of 214284440?
4
What is the tens digit of 557547061?
6
What is the hundreds digit of 37046736?
7
What is the ten thousands digit of 81148933?
4
What is the hundreds digit of 798346952?
9
What is the ten thousands digit of 32420671?
2
What is the hundreds digit of 167780262?
2
What is the units digit of 92790412?
2
What is the units digit of 7871299571?
1
What is the hundred millions digit of 190962866?
1
What is the hundred millions digit of 633825757?
6
What is the ten millions digit of 27730123?
2
What is the thousands digit of 272254888?
4
What is the ten thousands digit of 514239?
1
What is the millions digit of 46851282?
6
What is the hundreds digit of 233833120?
1
What is the hundred millions digit of 308597587?
3
What is the hundreds digit of 7905381581?
5
What is the hundreds digit of 7071923?
9
What is the millions digit of 1976617104?
6
What is the thousands digit of 104867917?
7
What is the hundred thousands digit of 56727961?
7
What is the ten thousands digit of 18097317?
9
What is the units digit of 55679558?
8
What is the ten thousands digit of 415774672?
7
What is the hundred thousands digit of 16167922?
1
What is the millions digit of 17714671?
7
What is the millions digit of 1797600843?
7
What is the thousands digit of 34355237?
5
What is the millions digit of 17563521?
7
What is the units digit of 707175184?
4
What is the hundred millions digit of 254407784?
2
What is the ten thousands digit of 6242945?
4
What is the ten millions digit of 31084695?
3
What is the tens digit of 912625556?
5
What is the hundred thousands digit of 103013139?
0
What is the hundred millions digit of 6449405839?
4
What is the millions digit of 34416036?
4
What is the units digit of 9865260?
0
What is the ten thousands digit of 3430635694?
3
What is the thousands digit of 10296940?
6
What is the hundred thousands digit of 363493687?
4
What is the ten thousands digit of 76998727?
9
What is the hundred thousands digit of 1147544219?
5
What is the thousands digit of 239197086?
7
What is the tens digit of 97003757?
5
What is the millions digit of 77429582?
7
What is the tens digit of 103136718?
1
What is the units digit of 7072788083?
3
What is the hundred thousands digit of 137053561?
0
What is the hundred millions digit of 354451208?
3
What is the hundreds digit of 